{"id":24,"date":"2024-04-28T15:44:21","date_gmt":"2024-04-28T13:44:21","guid":{"rendered":"https:\/\/www.jcavocat.com\/?page_id=24"},"modified":"2024-07-30T14:04:55","modified_gmt":"2024-07-30T12:04:55","slug":"mentions-legales","status":"publish","type":"page","link":"https:\/\/www.jcavocat.com\/index.php\/mentions-legales\/","title":{"rendered":"Mentions l\u00e9gales"},"content":{"rendered":"\t\t<div data-elementor-type=\"wp-page\" data-elementor-id=\"24\" class=\"elementor elementor-24\">\n\t\t\t\t<div class=\"elementor-element elementor-element-f76c3d9 e-flex e-con-boxed e-con e-parent\" data-id=\"f76c3d9\" data-element_type=\"container\">\n\t\t\t\t\t<div class=\"e-con-inner\">\n\t\t\t\t<div class=\"elementor-element elementor-element-87e7057 elementor-widget elementor-widget-heading\" data-id=\"87e7057\" data-element_type=\"widget\" data-widget_type=\"heading.default\">\n\t\t\t\t<div class=\"elementor-widget-container\">\n\t\t\t\t\t<h2 class=\"elementor-heading-title elementor-size-default\">Mentions l\u00e9gales<\/h2>\t\t\t\t<\/div>\n\t\t\t\t<\/div>\n\t\t\t\t<div class=\"elementor-element elementor-element-8e12e5b elementor-widget elementor-widget-text-editor\" data-id=\"8e12e5b\" data-element_type=\"widget\" data-widget_type=\"text-editor.default\">\n\t\t\t\t<div class=\"elementor-widget-container\">\n\t\t\t\t\t\t\t\t\t<h2 style=\"text-align: justify;\"><span class=\"font_23q84xvp1\"><strong>\u00c9diteur<\/strong> :<\/span><\/h2>\n<p style=\"text-align: justify;\">Julie Chvetzoff<\/p>\n<p style=\"text-align: justify;\">Entreprise Individuelle<br>17, Av. F\u00e9lix Faure, 69007 Lyon (France).<br>Immatricul\u00e9e au Registre du Commerce et des Soci\u00e9t\u00e9s de Lyon sous le num\u00e9ro 922 419 072<br>N\u00b0 TVA intracommunautaire : FR03922419072 \u2013 APE 6910Z<\/p>\n<h2 style=\"text-align: justify;\"><span class=\"font_23q84xvp1\">Coordonn\u00e9es du cabinet :<\/span><\/h2>\n<p style=\"text-align: justify;\">Julie Chvetzoff&nbsp;<br>Avocate au Barreau de Lyon<br><span style=\"font-family: &quot;Albert Sans&quot;, sans-serif; font-size: 14px; font-style: normal; font-variant-ligatures: normal; font-variant-caps: normal; font-weight: 400;\">17, Av. F\u00e9lix Faure, 69007 Lyon (France).<\/span><br>E-mail : <span style=\"color: #000000;\">contact@jcavocat.com<\/span><\/p>\n<h2 style=\"text-align: justify;\"><span class=\"font_23q84xvp1\">Directeur de la publication:<\/span><\/h2>\n<p style=\"text-align: justify;\">Ma\u00eetre Julie Chvetzoff, Avocate au Barreau de Lyon<\/p>\n<h2 style=\"text-align: justify;\"><span class=\"font_23q84xvp1\">Conception du site : <\/span><\/h2>\n<p style=\"text-align: justify;\"><span class=\"font_23q84xvp1\">WordPress.org<\/span><\/p>\n<h2 style=\"text-align: justify;\"><span class=\"font_23q84xvp1\">H\u00e9bergement du site :<\/span><\/h2>\n<p style=\"text-align: justify;\"><span class=\"font_qloro5mbi\">OVH<\/span><br>SAS au capital de 10 069 020 \u20ac<br>RCS Lille M\u00e9tropole 424 761 419 00045<br>Code APE 2620Z<br>N\u00b0 TVA : FR 22 424 761 419<br>Si\u00e8ge social : 2 rue Kellermann &#8211; 59100 Roubaix &#8211; France<\/p>\n<h1 style=\"text-align: justify;\"><span class=\"font_23q84xvp1\">CONDITIONS G\u00c9N\u00c9RALES D\u2019UTILISATION DU SITE<\/span><\/h1>\n<p style=\"text-align: justify;\"><span class=\"font_23q84xvp1\">Cookies :<\/span><br>Le site jcavocat.com peut collecter automatiquement des informations standards. Toutes les informations collect\u00e9es indirectement ne seront utilis\u00e9es que pour suivre le volume, le type et la configuration du trafic utilisant ce site, pour en d\u00e9velopper la conception et l\u2019agencement.<\/p>\n<p style=\"text-align: justify;\"><span class=\"font_23q84xvp1\">M\u00e9diateur de la consommation :<br><\/span>Le client consommateur est inform\u00e9 de la possibilit\u00e9 de recourir, en cas de contestation relative aux pr\u00e9sentes conditions, \u00e0 une proc\u00e9dure de m\u00e9diation.<\/p>\n<p style=\"text-align: justify;\">A cet effet, le client consommateur est inform\u00e9 qu\u2019il peut saisir, apr\u00e8s avoir tent\u00e9 au pr\u00e9alable de r\u00e9soudre \u00e0 l\u2019amiable le litige directement avec le Cabinet, le m\u00e9diateur \u00e0 la consommation de la profession d\u2019avocat \u2013 180 boulevard Haussmann 75008 Paris. https:\/\/mediateur-consommation-avocat.fr\/.<\/p>\n<p style=\"text-align: justify;\">Le m\u00e9diateur peut notamment \u00eatre contact\u00e9 par courrier \u00e9lectronique \u00e0 l\u2019adresse suivante : mediateur@mediateur-consommation-avocat.fr, par courrier postal \u00e0 l\u2019adresse pr\u00e9cit\u00e9e ou en remplissant le formulaire en ligne accessible \u00e0 l\u2019adresse suivante https:\/\/mediateur-consommation-avocat.fr\/contacter-le-mediateur\/.<\/p>\n<p style=\"text-align: justify;\">Le client consommateur est inform\u00e9 que ne peuvent \u00eatre soumis au m\u00e9diateur les litiges pour lesquels, la demande est manifestement infond\u00e9e ou abusive, ou a \u00e9t\u00e9 pr\u00e9c\u00e9demment examin\u00e9 ou est en cours d\u2019examen par un autre m\u00e9diateur ou par un tribunal. Il en est de m\u00eame si le client consommateur a introduit sa demande aupr\u00e8s du m\u00e9diateur dans un d\u00e9lai sup\u00e9rieur \u00e0 un an \u00e0 compter de sa r\u00e9clamation \u00e9crite aupr\u00e8s du cabinet ou si le litige n\u2019entre pas dans le champ de comp\u00e9tence du m\u00e9diateur, ou enfin si le consommateur ne justifie pas avoir tent\u00e9, au pr\u00e9alable, de r\u00e9soudre son litige directement aupr\u00e8s du cabinet par une r\u00e9clamation \u00e9crite.<\/p>\n<p style=\"text-align: justify;\">Le Cabinet informe \u00e9galement le client consommateur de l\u2019existence d\u2019une plateforme de R\u00e8glement en Ligne des Litiges (\u00ab RLL \u00bb) \u00e0 laquelle il peut recourir. L\u2019utilisateur peut y acc\u00e9der depuis le lien suivant : http:\/\/ec.europa.eu\/consumers\/odr\/.<\/p>\n<p style=\"text-align: justify;\"><span class=\"font_23q84xvp1\">Contenu du site :<br><\/span>Le Site et chacun des \u00e9l\u00e9ments qui le compose, et notamment les textes, articles, lettres d\u2019information, brochures, plans, nuage de mots-cl\u00e9s, images, illustrations, photographies, bases de donn\u00e9es, logiciels sont prot\u00e9g\u00e9s par le droit de la propri\u00e9t\u00e9 intellectuelle.<\/p>\n<p style=\"text-align: justify;\">La reproduction totale ou partielle des \u00e9l\u00e9ments de propri\u00e9t\u00e9 intellectuelle est interdite.<\/p>\n<h2 style=\"text-align: justify;\"><span class=\"font_23q84xvp1\">Utilisation du Site :<\/span><\/h2>\n<p style=\"text-align: justify;\">L\u2019ensemble des donn\u00e9es, informations et publications accessibles, repr\u00e9sent\u00e9es ou t\u00e9l\u00e9chargeables \u00e0 partir du Site n\u2019ont aucun caract\u00e8re exhaustif, sont communiqu\u00e9es \u00e0 titre purement informatif et ne peuvent en aucun cas \u00eatre consid\u00e9r\u00e9es comme constituant un avis juridique, un d\u00e9marchage, une sollicitation ou une offre de services juridiques.<br>Le Cabinet ne pourra en aucun cas \u00eatre tenu responsable de tout dommage direct ou indirect r\u00e9sultant de l\u2019utilisation par tout utilisateur des donn\u00e9es, informations ou publications accessibles ou t\u00e9l\u00e9chargeable \u00e0 partir du Site.<br>Le Cabinet ne pourra en aucun cas \u00eatre tenu responsable au titre du contenu accessible \u00e0 partir des liens hypertextes publi\u00e9s sur le Site ou des fichiers t\u00e9l\u00e9chargeables \u00e0 partir du Site ou des sites accessibles \u00e0 partir des liens hypertextes publi\u00e9s sur le Site.<br>La cr\u00e9ation et la publication d\u2019un lien hypertexte vers l\u2019une des pages du Site sont autoris\u00e9es, sous r\u00e9serve de l\u2019accord pr\u00e9alable et expr\u00e8s du Cabinet.<\/p>\t\t\t\t\t\t\t\t<\/div>\n\t\t\t\t<\/div>\n\t\t\t\t\t<\/div>\n\t\t\t\t<\/div>\n\t\t\t\t<\/div>\n\t\t","protected":false},"excerpt":{"rendered":"<p>Mentions l\u00e9gales \u00c9diteur : Julie Chvetzoff Entreprise Individuelle17, Av. F\u00e9lix Faure, 69007 Lyon (France).Immatricul\u00e9e au Registre du Commerce et des Soci\u00e9t\u00e9s de Lyon sous le num\u00e9ro 922 419 072N\u00b0 TVA intracommunautaire : FR03922419072 \u2013 APE 6910Z Coordonn\u00e9es du cabinet : Julie Chvetzoff&nbsp;Avocate au Barreau de Lyon17, Av. F\u00e9lix Faure, 69007 Lyon (France).E-mail : contact@jcavocat.com Directeur [&hellip;]<\/p>\n","protected":false},"author":1,"featured_media":0,"parent":0,"menu_order":0,"comment_status":"closed","ping_status":"closed","template":"","meta":{"footnotes":""},"class_list":["post-24","page","type-page","status-publish","hentry","entry"],"yoast_head":"<!-- This site is optimized with the Yoast SEO plugin v24.9 - https:\/\/yoast.com\/wordpress\/plugins\/seo\/ -->\n<title>Mentions l\u00e9gales<\/title>\n<meta name=\"description\" content=\"Mentions l\u00e9gales du site jcavocat.com d\u00e9di\u00e9 au cabinet de Ma\u00eetre Julie Chvetzoff, Avocate au Barreau de Lyon\" \/>\n<meta name=\"robots\" content=\"index, follow, max-snippet:-1, max-image-preview:large, max-video-preview:-1\" \/>\n<link rel=\"canonical\" href=\"http:\/\/www.jcavocat.com\/index.php\/mentions-legales\/\" \/>\n<meta property=\"og:locale\" content=\"fr_FR\" \/>\n<meta property=\"og:type\" content=\"article\" \/>\n<meta property=\"og:title\" content=\"Mentions l\u00e9gales\" \/>\n<meta property=\"og:description\" content=\"Mentions l\u00e9gales du site jcavocat.com d\u00e9di\u00e9 au cabinet de Ma\u00eetre Julie Chvetzoff, Avocate au Barreau de Lyon\" \/>\n<meta property=\"og:url\" content=\"http:\/\/www.jcavocat.com\/index.php\/mentions-legales\/\" \/>\n<meta property=\"article:modified_time\" content=\"2024-07-30T12:04:55+00:00\" \/>\n<meta name=\"twitter:card\" content=\"summary_large_image\" \/>\n<meta name=\"twitter:label1\" content=\"Dur\u00e9e de lecture estim\u00e9e\" \/>\n\t<meta name=\"twitter:data1\" content=\"4 minutes\" \/>\n<script type=\"application\/ld+json\" class=\"yoast-schema-graph\">{\"@context\":\"https:\/\/schema.org\",\"@graph\":[{\"@type\":\"WebPage\",\"@id\":\"http:\/\/www.jcavocat.com\/index.php\/mentions-legales\/\",\"url\":\"http:\/\/www.jcavocat.com\/index.php\/mentions-legales\/\",\"name\":\"Mentions l\u00e9gales\",\"isPartOf\":{\"@id\":\"http:\/\/www.jcavocat.com\/#website\"},\"datePublished\":\"2024-04-28T13:44:21+00:00\",\"dateModified\":\"2024-07-30T12:04:55+00:00\",\"description\":\"Mentions l\u00e9gales du site jcavocat.com d\u00e9di\u00e9 au cabinet de Ma\u00eetre Julie Chvetzoff, Avocate au Barreau de Lyon\",\"breadcrumb\":{\"@id\":\"http:\/\/www.jcavocat.com\/index.php\/mentions-legales\/#breadcrumb\"},\"inLanguage\":\"fr-FR\",\"potentialAction\":[{\"@type\":\"ReadAction\",\"target\":[\"http:\/\/www.jcavocat.com\/index.php\/mentions-legales\/\"]}]},{\"@type\":\"BreadcrumbList\",\"@id\":\"http:\/\/www.jcavocat.com\/index.php\/mentions-legales\/#breadcrumb\",\"itemListElement\":[{\"@type\":\"ListItem\",\"position\":1,\"name\":\"Accueil\",\"item\":\"http:\/\/www.jcavocat.com\/\"},{\"@type\":\"ListItem\",\"position\":2,\"name\":\"Mentions l\u00e9gales\"}]},{\"@type\":\"WebSite\",\"@id\":\"http:\/\/www.jcavocat.com\/#website\",\"url\":\"http:\/\/www.jcavocat.com\/\",\"name\":\"\",\"description\":\"\",\"potentialAction\":[{\"@type\":\"SearchAction\",\"target\":{\"@type\":\"EntryPoint\",\"urlTemplate\":\"http:\/\/www.jcavocat.com\/?s={search_term_string}\"},\"query-input\":{\"@type\":\"PropertyValueSpecification\",\"valueRequired\":true,\"valueName\":\"search_term_string\"}}],\"inLanguage\":\"fr-FR\"}]}<\/script>\n<!-- \/ Yoast SEO plugin. -->","yoast_head_json":{"title":"Mentions l\u00e9gales","description":"Mentions l\u00e9gales du site jcavocat.com d\u00e9di\u00e9 au cabinet de Ma\u00eetre Julie Chvetzoff, Avocate au Barreau de Lyon","robots":{"index":"index","follow":"follow","max-snippet":"max-snippet:-1","max-image-preview":"max-image-preview:large","max-video-preview":"max-video-preview:-1"},"canonical":"http:\/\/www.jcavocat.com\/index.php\/mentions-legales\/","og_locale":"fr_FR","og_type":"article","og_title":"Mentions l\u00e9gales","og_description":"Mentions l\u00e9gales du site jcavocat.com d\u00e9di\u00e9 au cabinet de Ma\u00eetre Julie Chvetzoff, Avocate au Barreau de Lyon","og_url":"http:\/\/www.jcavocat.com\/index.php\/mentions-legales\/","article_modified_time":"2024-07-30T12:04:55+00:00","twitter_card":"summary_large_image","twitter_misc":{"Dur\u00e9e de lecture estim\u00e9e":"4 minutes"},"schema":{"@context":"https:\/\/schema.org","@graph":[{"@type":"WebPage","@id":"http:\/\/www.jcavocat.com\/index.php\/mentions-legales\/","url":"http:\/\/www.jcavocat.com\/index.php\/mentions-legales\/","name":"Mentions l\u00e9gales","isPartOf":{"@id":"http:\/\/www.jcavocat.com\/#website"},"datePublished":"2024-04-28T13:44:21+00:00","dateModified":"2024-07-30T12:04:55+00:00","description":"Mentions l\u00e9gales du site jcavocat.com d\u00e9di\u00e9 au cabinet de Ma\u00eetre Julie Chvetzoff, Avocate au Barreau de Lyon","breadcrumb":{"@id":"http:\/\/www.jcavocat.com\/index.php\/mentions-legales\/#breadcrumb"},"inLanguage":"fr-FR","potentialAction":[{"@type":"ReadAction","target":["http:\/\/www.jcavocat.com\/index.php\/mentions-legales\/"]}]},{"@type":"BreadcrumbList","@id":"http:\/\/www.jcavocat.com\/index.php\/mentions-legales\/#breadcrumb","itemListElement":[{"@type":"ListItem","position":1,"name":"Accueil","item":"http:\/\/www.jcavocat.com\/"},{"@type":"ListItem","position":2,"name":"Mentions l\u00e9gales"}]},{"@type":"WebSite","@id":"http:\/\/www.jcavocat.com\/#website","url":"http:\/\/www.jcavocat.com\/","name":"","description":"","potentialAction":[{"@type":"SearchAction","target":{"@type":"EntryPoint","urlTemplate":"http:\/\/www.jcavocat.com\/?s={search_term_string}"},"query-input":{"@type":"PropertyValueSpecification","valueRequired":true,"valueName":"search_term_string"}}],"inLanguage":"fr-FR"}]}},"_links":{"self":[{"href":"https:\/\/www.jcavocat.com\/index.php\/wp-json\/wp\/v2\/pages\/24","targetHints":{"allow":["GET"]}}],"collection":[{"href":"https:\/\/www.jcavocat.com\/index.php\/wp-json\/wp\/v2\/pages"}],"about":[{"href":"https:\/\/www.jcavocat.com\/index.php\/wp-json\/wp\/v2\/types\/page"}],"author":[{"embeddable":true,"href":"https:\/\/www.jcavocat.com\/index.php\/wp-json\/wp\/v2\/users\/1"}],"replies":[{"embeddable":true,"href":"https:\/\/www.jcavocat.com\/index.php\/wp-json\/wp\/v2\/comments?post=24"}],"version-history":[{"count":7,"href":"https:\/\/www.jcavocat.com\/index.php\/wp-json\/wp\/v2\/pages\/24\/revisions"}],"predecessor-version":[{"id":654,"href":"https:\/\/www.jcavocat.com\/index.php\/wp-json\/wp\/v2\/pages\/24\/revisions\/654"}],"wp:attachment":[{"href":"https:\/\/www.jcavocat.com\/index.php\/wp-json\/wp\/v2\/media?parent=24"}],"curies":[{"name":"wp","href":"https:\/\/api.w.org\/{rel}","templated":true}]}}